s digit of c?
4
Suppose -3*g + 2802 = 3*x - 2*x, x = -g + 2794. What is the units digit of x?
0
Suppose -m + 3 = -2*m, -4*j - 4*m = -8. Suppose 6*n - 2*n - h = 361, -3*h = -j*n + 453. What is the units digit of n?
0
Let h(i) = 28*i**2 + 7*i + 10. What is the tens digit of h(4)?
8
Let y be 2*-15*1/(-6). Let i(a) = -a - 3 + 7 + 8 - y*a. What is the tens digit of i(-5)?
4
Let d(y) = -y + 4. Let z be (-165)/20 + 6/(-8). Let k be d(z). Suppose 0 = -5*l + 7 + k. What is the units digit of l?
4
Suppose 4*v - 9 = -f - 0*f, 5*f = 4*v - 27. Let o(j) = -3*j**3 - 3*j**2 + 7*j + 10. What is the units digit of o(f)?
3
Suppose 4*t - 1494 = 5*k, 2*t - 4*k - 826 + 82 = 0. What is the units digit of t?
6
Suppose -3*s + u = 193, 3*s + u = -s - 269. Let y = s - -139. What is the units digit of y?
3
What is the hundreds digit of -17 + 11 + 1 + 600 + -1?
5
Suppose -1248 = -7*r + 9*r. What is the units digit of (18/8)/((-18)/r)?
8
Let z(q) = q**2 + 2*q - 6. What is the tens digit of z(-12)?
1
Suppose 0 = p + 4 - 7. Suppose 0 = -2*z - 2*f + 3*f + 50, p*z = -3*f + 57. Suppose z*d = 26*d - 24. What is the units digit of d?
8
Suppose 0*t = -2*k + 2*t - 6, 0 = 3*k - 2*t + 8. Let b = 4 + k. Suppose -4*x = -m - 125, -2*x - b*m + 79 = 3*m. What is the tens digit of x?
3
Let h = -17 + 25. Suppose -2*x + x + h = 0. What is the units digit of x?
8
Let o(d) = 2*d**2 - 10*d + 11. Let f be o(6). Let b = f - -11. What is the tens digit of (-1 - 1) + b + 2?
3
Suppose -3*d + 3*c + 1884 = 0, 0*d - 3*c + 2484 = 4*d. What is the hundreds digit of d?
6
Let r(q) = -q**3 + 13*q**2 + 13*q - 13. What is the tens digit of r(6)?
1
Suppose 2954 = 13*q + 614. What is the units digit of q?
0
Suppose -205 = -m - 4*m + 5*l, -3*m - 5*l + 99 = 0. Let y = m - 30. What is the units digit of y?
8
Suppose -j = 2*y + 8 + 5, -2*y - 16 = 2*j. What is the tens digit of (y - 52/(-12))*(-318)/4?
5
Suppose -19*y + 113 = 2*t - 16*y, 2*y + 6 = 0. What is the units digit of t?
1
Suppose 3*l + 4*f = 41, l + 5*f = 2*f + 17. Suppose -s + l = -3*t, -3*s = -4*s - 4*t + 11. What is the tens digit of s?
1
Suppose -14*q - 91 - 329 = 0. Let l(v) = -v**2 + 6*v - 9. Let j be l(6). What is the units digit of (q/j)/((-6)/(-45))?
5
Let g(w) = 5*w - 30. Let m(t) = -t + 6. Let q(s) = 2*g(s) + 11*m(s). Let i be q(5). What is the tens digit of (i - -2)/(-3) - -42?
4
What is the tens digit of (-20)/15 + (-4051)/(-3)?
4
Suppose -567 = -12*m + 897. Let i = -87 + m. What is the tens digit of i?
3
Suppose -18*v + 3 = -15*v. Suppose -4*b - 20 = -3*y, y + 3 = -3*b + v. Suppose -c + 7 = l - 0, 5*l - 36 = -y*c. What is the units digit of l?
8
Let t = -4613 + 10110. Suppose -17*n = -t + 193. What is the units digit of n?
2
Suppose -3*z - 4*i - 58 = -377, 4*z - 419 = i. What is the units digit of z?
5
Suppose -27*b + 5*b + 3168 = 0. What is the hundreds digit of b?
1
Let z be (8/(-4) + -4)/(-2). Suppose -912 = -5*c - z*p, -3*c + 5*c = -5*p + 361. Suppose c = b + 2*b. What is the units digit of b?
1
Let b be (-6639)/(-18) - (-1 + (-10)/(-12)). Suppose 162 = -3*j - 5*m + 531, 4*m + b = 3*j. What is the tens digit of j?
2
Suppose c + 3*c = -5*u + 18, -5*c + 25 = 5*u. Suppose -2*d - 15 = -c*d. Suppose -4*x + 25 = v, -5*x = -d*x + 4. What is the tens digit of v?
3
Let x be (3 + -1 + -2)*(-1)/(-2). Suppose 4*c - 7*c - h = -230, x = -c - 3*h + 90. What is the units digit of c?
5
Suppose 20 + 4 = 2*d + 4*x, 3*d + 2*x - 32 = 0. Suppose -3*o = -5 - d, 2*h = -o + 153. What is the units digit of h?
4
Suppose 6*a - a = 10. Let t(d) = d**3 - 2*d**2 - d - 6. Let j be t(3). Suppose a*v - 35 - 11 = j. What is the units digit of v?
3
Suppose s + 558 = -2*s. Let n = -120 - s. Suppose -37 = -4*y + y + 4*a, -2*a = -4*y + n. What is the tens digit of y?
1
Suppose 5*m = 18*m + 78. What is the units digit of 1/m + (-2587)/(-78)?
3
Suppose -3*v + 980 = -199. What is the hundreds digit of v?
3
Suppose k = 11 - 10, 5*v = -5*k + 9900. What is the tens digit of v?
7
Suppose 0 = 2*w + 20 - 22. What is the units digit of 25 + w/((-8)/(-6))*-4?
2
Suppose 5*f - 8*f = 9. What is the units digit of (-36)/(-54) + (-214)/f?
2
Let s be -22 + 3 - 3/(-1). Suppose 4*l + 16 = 0, 0*b = 2*b - 2*l - 64. Let w = s + b. What is the units digit of w?
2
Let k be 4/(-6) + 4840/60. Suppose -d = d + k. Let g = d + 76. What is the units digit of g?
6
Suppose -2*m - 21 = -5*m. Suppose m*i - 308 = 21. What is the tens digit of i?
4
Let i = -27 - -29. Let f(p) = 0 + i*p**3 - 2 + p + 8*p**2 - 9*p**2. What is the tens digit of f(3)?
4
What is the tens digit of (5/10)/((-1)/(-1986))?
9
Let s(t) = t - 20. Let p be s(-11). Let k = p + 31. Let x = 34 + k. What is the tens digit of x?
3
Suppose 2*n + 4*g - 5*g - 1098 = 0, -4*n + 2204 = -4*g. What is the tens digit of n?
4
Suppose -4*q - 66 = g - 2*q, 3*g + 202 = -4*q. Let c = -25 - g. What is the tens digit of c?
4
Let z(w) = -16*w - 8. Let f(y) = 33*y + 16. Let h(m) = -3*f(m) - 7*z(m). What is the tens digit of h(3)?
4
Let o be 1 - -15*(3 - (-21)/(-9)). Suppose 10*l - o*l + 19 = 0. What is the tens digit of l?
1
Let p(u) = 31*u**2 - 48*u - 28. What is the thousands digit of p(11)?
3
Suppose 4*t = -4*g + 4120, -3*g = -5 - 4. What is the hundreds digit of t?
0
Let i = 47 - 27. Suppose 4*k + 58 = 5*v + i, 5*k = -2*v + 2. Suppose -y + 4*y + 66 = 5*u, 0 = -2*y + v. What is the tens digit of u?
1
Let h be -1 + 93 - (-1 + -1). Suppose 5*o + 5*d - 9 + 4 = 0, 8 = -4*d. Suppose a + 2 = -5*n + 5, -2*n = -o*a + h. What is the units digit of a?
8
Suppose 7*g = -0*g + 154. Let s = -34 + g. What is the units digit of s*-2*(-4)/(-32)?
3
Let n = 873 + -443. What is the tens digit of n?
3
Let q = -51 + 269. What is the units digit of q?
8
Let z = -60 - -86. Let t = z - -73. What is the units digit of t?
9
Let o be (-236)/(-14) + 1/7. Let l = 33 - o. Suppose -p = -2, -l = -2*g + 3*p + 26. What is the tens digit of g?
2
Let z be -10*(-2)/20*0/2. Suppose i + 1 = z, -2*d - 3*d = -2*i - 347. What is the units digit of d?
9
Suppose 1922*a = 1928*a - 8514. What is the thousands digit of a?
1
Let b(q) = 5*q**2 - 3*q + 1. What is the units digit of b(-3)?
5
Let p = 17 + -2. Suppose -9*y = -p*y + 786. What is the units digit of y?
1
Let m = 7 + -6. Let l be (6 - m) + (0 - -3). Let s = l - -2. What is the units digit of s?
0
Let j(v) = 5*v**3 - 7*v**2 - 8*v + 11. Let i(h) = h**3 - h**2 - h. Let z(b) = -4*i(b) + j(b). What is the units digit of z(5)?
1
Suppose 0*y = -7*y + 5271. What is the tens digit of y?
5
Let f(t) = 22*t**2 - 11*t + 10. What is the hundreds digit of f(-6)?
8
Let q(z) = 2*z**3 - 11*z**2 - 9*z + 12. What is the units digit of q(11)?
4
Suppose 3*q - 5*w = 3329 + 1156, q = w + 1493. What is the tens digit of q?
9
Let c(z) = 37*z + 1. Let n be c(-6). What is the units digit of (-5)/(-15) + n/(-3)?
4
Let v = 18 + -12. Suppose -4 = -5*w + v. Suppose -t = w*t - 15. What is the units digit of t?
5
Let t(f) = -4*f**3 - 3*f**2 - 31*f - 47. What is the units digit of t(-6)?
5
Suppose -7 - 21 = 7*o. Let z be 1 + (0 - 4)/o. Suppose 2*j = 2*u + 4*j - 146, -141 = -z*u - 3*j. What is the tens digit of u?
7
Suppose 36 = 6*z - 2*z + 4*y, -y = -3*z + 7. Suppose h - 202 = -4*w, -212 = -z*w + 4*h - 0*h. What is the units digit of w?
1
Let t = 0 + -2. Suppose -5*p + 7*z = 4*z + 31, -5*p - 35 = -5*z. What is the units digit of p + 3 + t - -32?
8
Suppose -60 = 9*v - 7*v. Let q = 77 + v. What is the units digit of q?
7
Let f = -67 - -394. What is the hundreds digit of f?
3
Let o(p) = -2*p + 5. Let m be o(3). Let c be -1*-1*6 + m. Let d = c + 13. What is the units digit of d?
8
Let d = 4 - 0. Suppose d*n = 8*n - 20. Suppose -2*s - 22 = -u, -u + 89 = u + n*s. What is the tens digit of u?
3
Let k(t) = -3*t + 2. Let z be 2/6 + 8/(-6). Let q be (4/5)/(z/5). What is the units digit of k(q)?
4
Suppose 19 - 1124 = -13*p. What is the tens digit of p?
8
Suppose -5*m - 4*b + 10080 = 0, 5*b - 2037 = 5*m - 6*m. What is the units digit of m?
2
What is the hundreds digit of 5 - (6 + -2594 - 1 - -6)?
5
Suppose 30400 = 5*v + 15*v. What is the units digit of v?
0
Suppose -5*h = -9*h + 480. Let m be ((-3)/(6/(-10)))/1. Suppose -m*g + 7*r = 2*r - 120, r = -5*g + h. What is the tens digit of g?
2
Suppose 14*s + 152374 = 61*s. What is the units digit of s?
2
What is the units digit of 2 + 508 + (9/3 - 4